{"id":11,"date":"2021-06-14T07:50:30","date_gmt":"2021-06-14T07:50:30","guid":{"rendered":"https:\/\/msogestionderesiduos.com\/?page_id=11"},"modified":"2026-04-10T13:53:02","modified_gmt":"2026-04-10T13:53:02","slug":"calidad","status":"publish","type":"page","link":"https:\/\/msogestionderesiduos.com\/index.php\/calidad\/","title":{"rendered":"CALIDAD"},"content":{"rendered":"\n\t<section class=\"section has-parallax\" id=\"section_602526315\">\n\t\t<div class=\"bg section-bg fill bg-fill  \" data-parallax-container=\".section\" data-parallax-background data-parallax=\"-10\">\n\n\t\t\t\n\t\t\t\n\t\t\t\n\n\t\t<\/div>\n\n\t\t<div class=\"section-content relative\">\n\t\t\t\n\n<div class=\"row\" style=\"max-width:1300px\" id=\"row-404658310\">\n\n\n\t<div id=\"col-981051171\" class=\"col medium-11 small-12 large-7\"  >\n\t\t<div class=\"col-inner\" style=\"background-color:rgb(34, 107, 121);\" >\n\t\t\t\n\t\t\t\n\n\t<div id=\"text-2486289637\" class=\"text\">\n\t\t\n\n<h2 class=\"uppercase\">NUESTRA CALIDAD COMO MEJOR GARANT\u00cdA DE \u00c9XITO<\/h2>\n\t\t\n<style>\n#text-2486289637 {\n  font-size: 1.25rem;\n  color: rgb(255,255,255);\n}\n#text-2486289637 > * {\n  color: rgb(255,255,255);\n}\n@media (min-width:550px) {\n  #text-2486289637 {\n    font-size: 1.5rem;\n  }\n}\n<\/style>\n\t<\/div>\n\t\n\n\t\t<\/div>\n\t\t\n<style>\n#col-981051171 > .col-inner {\n  padding: 30px 30px 10px 40px;\n}\n<\/style>\n\t<\/div>\n\n\t\n\n\n<style>\n#row-404658310 > .col > .col-inner {\n  background-color: rgb(255, 214, 80);\n}\n<\/style>\n<\/div>\n\n\t\t<\/div>\n\n\t\t\n<style>\n#section_602526315 {\n  padding-top: 120px;\n  padding-bottom: 120px;\n  min-height: 400px;\n}\n#section_602526315 .section-bg.bg-loaded {\n  background-image: url(https:\/\/msogestionderesiduos.com\/wp-content\/uploads\/2021\/08\/139372644_3927756293903226_5818310847886014253_n.jpeg);\n}\n#section_602526315 .section-bg {\n  background-position: 100% 11%;\n}\n@media (min-width:550px) {\n  #section_602526315 {\n    min-height: 600px;\n  }\n}\n@media (min-width:850px) {\n  #section_602526315 {\n    min-height: 600px;\n  }\n}\n<\/style>\n\t<\/section>\n\t\n\t<section class=\"section\" id=\"section_1354259164\">\n\t\t<div class=\"bg section-bg fill bg-fill  bg-loaded\" >\n\n\t\t\t\n\t\t\t\n\t\t\t\n\n\t\t<\/div>\n\n\t\t<div class=\"section-content relative\">\n\t\t\t\n\n<div class=\"row\" style=\"max-width:1300px\" id=\"row-665910839\">\n\n\n\t<div id=\"col-1358743394\" class=\"col small-12 large-12\"  >\n\t\t<div class=\"col-inner\"  >\n\t\t\t\n\t\t\t\n\n\t<div id=\"gap-45232941\" class=\"gap-element clearfix\" style=\"display:block; height:auto;\">\n\t\t\n<style>\n#gap-45232941 {\n  padding-top: 120px;\n}\n<\/style>\n\t<\/div>\n\t\n\n\n\t\t<\/div>\n\t\t\n<style>\n#col-1358743394 > .col-inner {\n  margin: -130px 0px 0px 0px;\n}\n<\/style>\n\t<\/div>\n\n\t\n\n<\/div>\n<div class=\"row\"  id=\"row-26280766\">\n\n\n\t<div id=\"col-1004943773\" class=\"col medium-4 small-12 large-4\"  >\n\t\t<div class=\"col-inner box-shadow-2\"  >\n\t\t\t\n\t<div class=\"is-border\"\n\t\tstyle=\"border-color:rgb(43, 66, 76);border-width:10px 0px 0px 0px;\">\n\t<\/div>\n\t\t\t\n\n\t<div id=\"text-2284548753\" class=\"text\">\n\t\t\n\n<h3 style=\"text-align: center;\"><span style=\"color: #282828;\"><strong>NUEVOS MODELOS Y TECNOLOGIAS CERTIFICADAS<\/strong><\/span><\/h3>\n<p>Apostamos e invertimos en maquinaria con los \u00faltimos avances en el tratamiento de residuos para as\u00ed garantizar la m\u00e1xima optimizaci\u00f3n de los residuos.<\/p>\n\t\t\n<style>\n#text-2284548753 {\n  font-size: 1rem;\n  text-align: center;\n}\n<\/style>\n\t<\/div>\n\t\n\n\t\t<\/div>\n\t\t\n<style>\n#col-1004943773 > .col-inner {\n  padding: 30px 30px 30px 30px;\n}\n<\/style>\n\t<\/div>\n\n\t\n\n\t<div id=\"col-1120410778\" class=\"col medium-4 small-12 large-4\"  >\n\t\t<div class=\"col-inner box-shadow-2\"  >\n\t\t\t\n\t<div class=\"is-border\"\n\t\tstyle=\"border-color:rgb(43, 66, 76);border-width:10px 0px 0px 0px;\">\n\t<\/div>\n\t\t\t\n\n\t<div id=\"text-2783917232\" class=\"text\">\n\t\t\n\n<h3 style=\"text-align: center;\"><span style=\"color: #282828;\"><strong>ECONOMIA CIRCULAR<\/strong><\/span><\/h3>\n<p>MSO ofrece a sus clientes desde la recogida de los residuos en sus instalaciones, su trazabilidad y cumplimiento normativo, dando total transparencia a su gesti\u00f3n y certificando su tratamiento final como marca la Ley 7\/2022.<\/p>\n\t\t\n<style>\n#text-2783917232 {\n  font-size: 1rem;\n  text-align: center;\n}\n<\/style>\n\t<\/div>\n\t\n\n\t\t<\/div>\n\t\t\n<style>\n#col-1120410778 > .col-inner {\n  padding: 30px 30px 30px 30px;\n}\n<\/style>\n\t<\/div>\n\n\t\n\n\t<div id=\"col-966101171\" class=\"col medium-4 small-12 large-4\"  >\n\t\t<div class=\"col-inner box-shadow-2\"  >\n\t\t\t\n\t<div class=\"is-border\"\n\t\tstyle=\"border-color:rgb(43, 66, 76);border-width:10px 0px 0px 0px;\">\n\t<\/div>\n\t\t\t\n\n\t<div id=\"text-147114600\" class=\"text\">\n\t\t\n\n<h3 style=\"text-align: center;\"><span style=\"color: #282828;\"><strong>SERVICIO ADAPTADO<\/strong><\/span><\/h3>\n<p>Nos adaptamos a nuestros clientes con el fin de darles el servicio que mejor les convenga y asegurarles la mayor de las coberturas.<\/p>\n\t\t\n<style>\n#text-147114600 {\n  font-size: 1rem;\n  line-height: 2;\n  text-align: center;\n}\n<\/style>\n\t<\/div>\n\t\n\n\t\t<\/div>\n\t\t\n<style>\n#col-966101171 > .col-inner {\n  padding: 30px 30px 30px 30px;\n}\n<\/style>\n\t<\/div>\n\n\t\n\n<\/div>\n\n\t\t<\/div>\n\n\t\t\n<style>\n#section_1354259164 {\n  padding-top: 30px;\n  padding-bottom: 30px;\n}\n<\/style>\n\t<\/section>\n\t\n\t<section class=\"section\" id=\"section_711083590\">\n\t\t<div class=\"bg section-bg fill bg-fill  bg-loaded\" >\n\n\t\t\t\n\t\t\t\n\t\t\t\n\n\t\t<\/div>\n\n\t\t<div class=\"section-content relative\">\n\t\t\t\n\n\t<div id=\"gap-1028094590\" class=\"gap-element clearfix\" style=\"display:block; height:auto;\">\n\t\t\n<style>\n#gap-1028094590 {\n  padding-top: 50px;\n}\n<\/style>\n\t<\/div>\n\t\n\n<div class=\"row align-middle align-center\" style=\"max-width:1300px\" id=\"row-1315060721\">\n\n\n\t<div id=\"col-1806801388\" class=\"col medium-3 small-12 large-2\"  >\n\t\t<div class=\"col-inner\"  >\n\t\t\t\n\t\t\t\n\n\t<div id=\"text-1643823468\" class=\"text\">\n\t\t\n\n<h2><span class=\"count-up\">+1600<\/span><\/h2>\n\t\t\n<style>\n#text-1643823468 {\n  font-size: 3.75rem;\n  text-align: left;\n  color: rgb(255,255,255);\n}\n#text-1643823468 > * {\n  color: rgb(255,255,255);\n}\n@media (min-width:550px) {\n  #text-1643823468 {\n    font-size: 2.5rem;\n    text-align: right;\n  }\n}\n@media (min-width:850px) {\n  #text-1643823468 {\n    font-size: 1.75rem;\n  }\n}\n<\/style>\n\t<\/div>\n\t\n\n\t\t<\/div>\n\t\t\t<\/div>\n\n\t\n\n\t<div id=\"col-1363338212\" class=\"col medium-7 small-12 large-2\"  >\n\t\t<div class=\"col-inner\"  >\n\t\t\t\n\t\t\t\n\n\t<div id=\"text-231199370\" class=\"text\">\n\t\t\n\n<h6>Equipos para el tratamiento de residuos<\/h6>\n\t\t\n<style>\n#text-231199370 {\n  color: rgb(255,255,255);\n}\n#text-231199370 > * {\n  color: rgb(255,255,255);\n}\n<\/style>\n\t<\/div>\n\t\n\n\t\t<\/div>\n\t\t\n<style>\n#col-1363338212 > .col-inner {\n  margin: -65px 0px 0px 0px;\n}\n@media (min-width:550px) {\n  #col-1363338212 > .col-inner {\n    margin: 0px 0px 0px -0;\n  }\n}\n@media (min-width:850px) {\n  #col-1363338212 > .col-inner {\n    margin: 0px 0px 0px -15px;\n  }\n}\n<\/style>\n\t<\/div>\n\n\t\n\n\t<div id=\"col-174689728\" class=\"col medium-3 small-12 large-2\"  >\n\t\t<div class=\"col-inner text-right\"  >\n\t\t\t\n\t\t\t\n\n\t<div id=\"text-3172412207\" class=\"text\">\n\t\t\n\n<h2><span class=\"count-up\">+400<\/span><\/h2>\n\t\t\n<style>\n#text-3172412207 {\n  font-size: 3.75rem;\n  text-align: left;\n  color: rgb(255,255,255);\n}\n#text-3172412207 > * {\n  color: rgb(255,255,255);\n}\n@media (min-width:550px) {\n  #text-3172412207 {\n    font-size: 2.5rem;\n    text-align: right;\n  }\n}\n@media (min-width:850px) {\n  #text-3172412207 {\n    font-size: 2.25rem;\n  }\n}\n<\/style>\n\t<\/div>\n\t\n\n\t\t<\/div>\n\t\t\t<\/div>\n\n\t\n\n\t<div id=\"col-203519919\" class=\"col medium-7 small-12 large-2\"  >\n\t\t<div class=\"col-inner text-left\"  >\n\t\t\t\n\t\t\t\n\n\t<div id=\"text-4242345753\" class=\"text\">\n\t\t\n\n<h6>Clientes satisfechos<\/h6>\n\t\t\n<style>\n#text-4242345753 {\n  color: rgb(255,255,255);\n}\n#text-4242345753 > * {\n  color: rgb(255,255,255);\n}\n<\/style>\n\t<\/div>\n\t\n\n\t\t<\/div>\n\t\t\n<style>\n#col-203519919 > .col-inner {\n  margin: -65px 0px 0px 0px;\n}\n@media (min-width:550px) {\n  #col-203519919 > .col-inner {\n    margin: 0px 0px 0px -0;\n  }\n}\n@media (min-width:850px) {\n  #col-203519919 > .col-inner {\n    margin: 0px 0px 0px -15px;\n  }\n}\n<\/style>\n\t<\/div>\n\n\t\n\n\t<div id=\"col-1035405330\" class=\"col medium-3 small-12 large-2\"  >\n\t\t<div class=\"col-inner\"  >\n\t\t\t\n\t\t\t\n\n\t<div id=\"text-3652236560\" class=\"text\">\n\t\t\n\n<h2><span class=\"count-up\">+12000<\/span><\/h2>\n\t\t\n<style>\n#text-3652236560 {\n  font-size: 3.75rem;\n  text-align: left;\n  color: rgb(255,255,255);\n}\n#text-3652236560 > * {\n  color: rgb(255,255,255);\n}\n@media (min-width:550px) {\n  #text-3652236560 {\n    font-size: 2.5rem;\n    text-align: right;\n  }\n}\n@media (min-width:850px) {\n  #text-3652236560 {\n    font-size: 2.25rem;\n  }\n}\n<\/style>\n\t<\/div>\n\t\n\n\t\t<\/div>\n\t\t\t<\/div>\n\n\t\n\n\t<div id=\"col-639589975\" class=\"col medium-7 small-12 large-2\"  >\n\t\t<div class=\"col-inner\"  >\n\t\t\t\n\t\t\t\n\n\t<div id=\"text-2665386114\" class=\"text\">\n\t\t\n\n<h6>Metros cuadrados de instalaciones<\/h6>\n\t\t\n<style>\n#text-2665386114 {\n  color: rgb(255,255,255);\n}\n#text-2665386114 > * {\n  color: rgb(255,255,255);\n}\n<\/style>\n\t<\/div>\n\t\n\n\t\t<\/div>\n\t\t\n<style>\n#col-639589975 > .col-inner {\n  margin: -65px 0px 0px 0px;\n}\n@media (min-width:550px) {\n  #col-639589975 > .col-inner {\n    margin: 0px 0px 0px 0;\n  }\n}\n@media (min-width:850px) {\n  #col-639589975 > .col-inner {\n    margin: 0px 0px 0px -15px;\n  }\n}\n<\/style>\n\t<\/div>\n\n\t\n\n<\/div>\n\n\t\t<\/div>\n\n\t\t\n<style>\n#section_711083590 {\n  padding-top: 20px;\n  padding-bottom: 20px;\n  background-color: rgb(34, 107, 121);\n}\n<\/style>\n\t<\/section>\n\t\n\t<section class=\"section\" id=\"section_566439612\">\n\t\t<div class=\"bg section-bg fill bg-fill  bg-loaded\" >\n\n\t\t\t\n\t\t\t\n\t\t\t\n\n\t\t<\/div>\n\n\t\t<div class=\"section-content relative\">\n\t\t\t\n\n<div class=\"row align-center\" style=\"max-width:1300px\" id=\"row-633434240\">\n\n\n\t<div id=\"col-141933904\" class=\"col medium-11 small-12 large-9\"  >\n\t\t<div class=\"col-inner\"  >\n\t\t\t\n\t\t\t\n\n<div class=\"text-center\"><div class=\"is-divider divider clearfix\" style=\"margin-top:15.2px;margin-bottom:15.2px;max-width:150px;height:8px;background-color:rgb(43, 66, 76);\"><\/div><\/div>\n\n\t<div id=\"text-1584141230\" class=\"text\">\n\t\t\n\n<h2>Empresa asociada\n\t\t\n<style>\n#text-1584141230 {\n  font-size: 1.75rem;\n  text-align: center;\n}\n@media (min-width:550px) {\n  #text-1584141230 {\n    font-size: 1.25rem;\n  }\n}\n@media (min-width:850px) {\n  #text-1584141230 {\n    font-size: 1.75rem;\n  }\n}\n<\/style>\n\t<\/div>\n\t\n\t<div id=\"text-3740973985\" class=\"text\">\n\t\t\n\n<p style=\"font-weight: 400;\"><strong>MSO\u00a0GESTION DE RESIDUOS, S.L.U.\u00a0<\/strong>est\u00e1 inscrita y es socio de Repacar, asociaci\u00f3n de recuperadores recicladores de Papel y Cart\u00f3n de Espa\u00f1a, desde la cual se vela por los intereses del sector, represent\u00e1ndonos en cualquier entidad u organismo.<\/p>\n<p style=\"font-weight: 400;\">A trav\u00e9s de Repacar estamos informados de cualquier cambio de normativa que tenga que ver con la gesti\u00f3n de residuos, ya sea a nivel estatal, nacional o europeo.<\/p>\n<p style=\"font-weight: 400;\">Acudimos anualmente a los congresos, eventos y asambleas en las cuales se tratan todos los asuntos relacionados con la gesti\u00f3n, recuperaci\u00f3n y reciclado de residuos.<\/p>\n\t\t\n<style>\n#text-3740973985 {\n  font-size: 1rem;\n  text-align: center;\n}\n@media (min-width:550px) {\n  #text-3740973985 {\n    font-size: 1rem;\n  }\n}\n<\/style>\n\t<\/div>\n\t\n\n\t\t<\/div>\n\t\t\t<\/div>\n\n\t\n\n<\/div>\n<div class=\"row\"  id=\"row-1821248550\">\n\n\n\t<div id=\"col-1715510611\" class=\"col medium-4 small-12 large-4\"  >\n\t\t<div class=\"col-inner\"  >\n\t\t\t\n\t\t\t\n\n\n\t\t<\/div>\n\t\t\t<\/div>\n\n\t\n\n\t<div id=\"col-1503682501\" class=\"col medium-4 small-12 large-4\"  >\n\t\t<div class=\"col-inner\"  >\n\t\t\t\n\t\t\t\n\n\t<div class=\"img has-hover x md-x lg-x y md-y lg-y\" id=\"image_878144814\">\n\t\t\t\t\t\t\t\t<div class=\"img-inner dark\" >\n\t\t\t<img loading=\"lazy\" decoding=\"async\" width=\"832\" height=\"294\" src=\"https:\/\/msogestionderesiduos.com\/wp-content\/uploads\/2021\/07\/banner-blanco.png\" class=\"attachment-large size-large\" alt=\"\" srcset=\"https:\/\/msogestionderesiduos.com\/wp-content\/uploads\/2021\/07\/banner-blanco.png 832w, https:\/\/msogestionderesiduos.com\/wp-content\/uploads\/2021\/07\/banner-blanco-300x106.png 300w, https:\/\/msogestionderesiduos.com\/wp-content\/uploads\/2021\/07\/banner-blanco-768x271.png 768w, https:\/\/msogestionderesiduos.com\/wp-content\/uploads\/2021\/07\/banner-blanco-600x212.png 600w\" sizes=\"auto, (max-width: 832px) 100vw, 832px\" \/>\t\t\t\t\t\t\n\t\t\t\t\t<\/div>\n\t\t\t\t\t\t\t\t\n<style>\n#image_878144814 {\n  width: 100%;\n}\n<\/style>\n\t<\/div>\n\t\n\n\n\t\t<\/div>\n\t\t\t<\/div>\n\n\t\n\n\t<div id=\"col-1772222163\" class=\"col medium-4 small-12 large-4\"  >\n\t\t<div class=\"col-inner\"  >\n\t\t\t\n\t\t\t\n\n\n\t\t<\/div>\n\t\t\t<\/div>\n\n\t\n\n<\/div>\n\n\t\t<\/div>\n\n\t\t\n<style>\n#section_566439612 {\n  padding-top: 60px;\n  padding-bottom: 60px;\n}\n@media (min-width:550px) {\n  #section_566439612 {\n    padding-top: 90px;\n    padding-bottom: 90px;\n  }\n}\n<\/style>\n\t<\/section>\n\t\n\t<section class=\"section\" id=\"section_621678684\">\n\t\t<div class=\"bg section-bg fill bg-fill  \" >\n\n\t\t\t\n\t\t\t<div class=\"section-bg-overlay absolute fill\"><\/div>\n\t\t\t\n\n\t\t<\/div>\n\n\t\t<div class=\"section-content relative\">\n\t\t\t\n\n\t<div id=\"gap-332054928\" class=\"gap-element clearfix\" style=\"display:block; height:auto;\">\n\t\t\n<style>\n#gap-332054928 {\n  padding-top: 30px;\n}\n<\/style>\n\t<\/div>\n\t\n\n<div class=\"row\" style=\"max-width:1300px\" id=\"row-1660024768\">\n\n\n\t<div id=\"col-613869865\" class=\"col medium-10 small-12 large-6\"  >\n\t\t<div class=\"col-inner box-shadow-3\" style=\"background-color:rgb(255, 255, 255);\" >\n\t\t\t\n\t<div class=\"is-border\"\n\t\tstyle=\"border-color:rgb(43, 66, 76);border-width:8px 0px 0px 0px;\">\n\t<\/div>\n\t\t\t\n\n\t<div id=\"text-756485847\" class=\"text\">\n\t\t\n\n<h2>Certificados de calidad y Medio Ambiente<\/h2>\n\t\t\n<style>\n#text-756485847 {\n  font-size: 1.5rem;\n}\n<\/style>\n\t<\/div>\n\t\n\t<div id=\"text-3817836577\" class=\"text\">\n\t\t\n\n<p>El <b>Sistema Integrado de Gesti\u00f3n <\/b>de MSO est\u00e1 basado en las normas ISO 9001:2015 y 14001:2015. Gracias a un claro liderazgo por parte de la direcci\u00f3n y un fuerte compromiso del personal, se logra contribuir a la mejora continua del sistema, a fin de ofrecer un servicio de calidad en nuestros productos y servicios.<\/p>\n\t\t\n<style>\n#text-3817836577 {\n  text-align: left;\n}\n<\/style>\n\t<\/div>\n\t\n<div class=\"accordion\" rel=\"\">\n\n<div class=\"accordion-item\"><a href=\"#\" class=\"accordion-title plain\"><button class=\"toggle\"><i class=\"icon-angle-down\"><\/i><\/button><span>Principios de nuestra Pol\u00edtica de Calidad y Medio Ambiente<\/span><\/a><div class=\"accordion-inner\">\n\n\t<div id=\"text-1020214223\" class=\"text\">\n\t\t\n\n<ul>\n<li>Facilitar una <b>formaci\u00f3n<\/b> completa a nuestros trabajadores.<\/li>\n<li>Controlar la satisfacci\u00f3n de nuestras <b>partes interesadas.<\/b><\/li>\n<li>Vigilar la <b>Seguridad<\/b> en el trabajo de nuestros empleados, minimizando y eliminando los riesgos laborales existentes.<\/li>\n<li>Cumplir la <b>legislaci\u00f3n vigente<\/b>, estableciendo acciones de control y seguimiento.<\/li>\n<li>Proteger\u00a0 el <b>medio ambiente<\/b>, reduciendo en lo posible los impactos ocasionados por nuestra actividad.<\/li>\n<\/ul>\n<p>\u00a0\u00a0<\/p>\n\t\t\n<style>\n#text-1020214223 {\n  font-size: 0.75rem;\n}\n<\/style>\n\t<\/div>\n\t\n\n<\/div><\/div>\n\n<\/div>\n\t<div id=\"gap-1238836860\" class=\"gap-element clearfix\" style=\"display:block; height:auto;\">\n\t\t\n<style>\n#gap-1238836860 {\n  padding-top: 5px;\n}\n<\/style>\n\t<\/div>\n\t\n\n<a href=\"https:\/\/msogestionderesiduos.com\/wp-content\/uploads\/2025\/01\/CCARGPD20645919092024-1.pdf\" target=\"_self\" class=\"button primary expand\"  style=\"padding:5px 30px 5px 30px;\">\n    <span>Certificado de Cumplimiento y Adaptaci\u00f3n al Reglamento General de Protecci\u00f3n de Datos 2016\/679.<\/span>\n  <\/a>\n\n\n<a href=\"https:\/\/msogestionderesiduos.com\/wp-content\/uploads\/2025\/01\/2024-a2504-CERTIFICADO-INSCRIPCION_2023_C.pdf\" target=\"_self\" class=\"button primary expand\"  style=\"padding:5px 30px 5px 30px;\">\n    <span>CERTIFICADO DE INSCRIPCI\u00d3N REGISTRO DE HUELLA DE CARBONO<\/span>\n  <\/a>\n\n\n\n\t\t<\/div>\n\t\t\n<style>\n#col-613869865 > .col-inner {\n  padding: 50px 50px 50px 50px;\n}\n<\/style>\n\t<\/div>\n\n\t\n\n\t<div id=\"col-2033007257\" class=\"col medium-4 small-12 large-4\"  >\n\t\t<div class=\"col-inner\"  >\n\t\t\t\n\t\t\t\n\n\n\t\t<\/div>\n\t\t\t<\/div>\n\n\t\n\n<\/div>\n\n\t\t<\/div>\n\n\t\t\n<style>\n#section_621678684 {\n  padding-top: 30px;\n  padding-bottom: 30px;\n  min-height: 700px;\n}\n#section_621678684 .section-bg-overlay {\n  background-color: rgba(39, 54, 71, 0.75);\n}\n#section_621678684 .section-bg.bg-loaded {\n  background-image: url(https:\/\/msogestionderesiduos.com\/wp-content\/uploads\/2021\/08\/WhatsApp-Image-2021-08-16-at-17.31.13.jpeg);\n}\n#section_621678684 .section-bg {\n  background-position: 72% 93%;\n}\n<\/style>\n\t<\/section>\n\t\n<div class=\"row\"  id=\"row-903394301\">\n\n\n\t<div id=\"col-1156109509\" class=\"col medium-4 small-12 large-4\"  >\n\t\t<div class=\"col-inner\"  >\n\t\t\t\n\t\t\t\n\n\t<div class=\"img has-hover x md-x lg-x y md-y lg-y\" id=\"image_1472631419\">\n\t\t\t\t\t\t\t\t<div class=\"img-inner dark\" >\n\t\t\t<img loading=\"lazy\" decoding=\"async\" width=\"1020\" height=\"1020\" src=\"https:\/\/msogestionderesiduos.com\/wp-content\/uploads\/2025\/01\/ISO-9001_Color-1024x1024.png\" class=\"attachment-large size-large\" alt=\"\" srcset=\"https:\/\/msogestionderesiduos.com\/wp-content\/uploads\/2025\/01\/ISO-9001_Color-1024x1024.png 1024w, https:\/\/msogestionderesiduos.com\/wp-content\/uploads\/2025\/01\/ISO-9001_Color-300x300.png 300w, https:\/\/msogestionderesiduos.com\/wp-content\/uploads\/2025\/01\/ISO-9001_Color-150x150.png 150w, https:\/\/msogestionderesiduos.com\/wp-content\/uploads\/2025\/01\/ISO-9001_Color-768x768.png 768w, https:\/\/msogestionderesiduos.com\/wp-content\/uploads\/2025\/01\/ISO-9001_Color-600x600.png 600w, https:\/\/msogestionderesiduos.com\/wp-content\/uploads\/2025\/01\/ISO-9001_Color-100x100.png 100w, https:\/\/msogestionderesiduos.com\/wp-content\/uploads\/2025\/01\/ISO-9001_Color.png 1134w\" sizes=\"auto, (max-width: 1020px) 100vw, 1020px\" \/>\t\t\t\t\t\t\n\t\t\t\t\t<\/div>\n\t\t\t\t\t\t\t\t\n<style>\n#image_1472631419 {\n  width: 68%;\n}\n<\/style>\n\t<\/div>\n\t\n\n\n\t\t<\/div>\n\t\t\t<\/div>\n\n\t\n\n\t<div id=\"col-1260150056\" class=\"col medium-4 small-12 large-4\"  >\n\t\t<div class=\"col-inner\"  >\n\t\t\t\n\t\t\t\n\n\t<div class=\"img has-hover x md-x lg-x y md-y lg-y\" id=\"image_288335666\">\n\t\t\t\t\t\t\t\t<div class=\"img-inner dark\" >\n\t\t\t<img loading=\"lazy\" decoding=\"async\" width=\"842\" height=\"1024\" src=\"https:\/\/msogestionderesiduos.com\/wp-content\/uploads\/2025\/01\/ISO-14001_color-842x1024.png\" class=\"attachment-large size-large\" alt=\"\" srcset=\"https:\/\/msogestionderesiduos.com\/wp-content\/uploads\/2025\/01\/ISO-14001_color-842x1024.png 842w, https:\/\/msogestionderesiduos.com\/wp-content\/uploads\/2025\/01\/ISO-14001_color-247x300.png 247w, https:\/\/msogestionderesiduos.com\/wp-content\/uploads\/2025\/01\/ISO-14001_color-768x934.png 768w, https:\/\/msogestionderesiduos.com\/wp-content\/uploads\/2025\/01\/ISO-14001_color-600x730.png 600w, https:\/\/msogestionderesiduos.com\/wp-content\/uploads\/2025\/01\/ISO-14001_color.png 895w\" sizes=\"auto, (max-width: 842px) 100vw, 842px\" \/>\t\t\t\t\t\t\n\t\t\t\t\t<\/div>\n\t\t\t\t\t\t\t\t\n<style>\n#image_288335666 {\n  width: 56%;\n}\n<\/style>\n\t<\/div>\n\t\n\n\n\t\t<\/div>\n\t\t\t<\/div>\n\n\t\n\n\t<div id=\"col-1430067345\" class=\"col medium-4 small-12 large-4\"  >\n\t\t<div class=\"col-inner\"  >\n\t\t\t\n\t\t\t\n\n\t<div class=\"img has-hover x md-x lg-x y md-y lg-y\" id=\"image_768111514\">\n\t\t\t\t\t\t\t\t<div class=\"img-inner dark\" >\n\t\t\t<img loading=\"lazy\" decoding=\"async\" width=\"384\" height=\"544\" src=\"https:\/\/msogestionderesiduos.com\/wp-content\/uploads\/2025\/01\/2023_C.jpg\" class=\"attachment-large size-large\" alt=\"\" srcset=\"https:\/\/msogestionderesiduos.com\/wp-content\/uploads\/2025\/01\/2023_C.jpg 384w, https:\/\/msogestionderesiduos.com\/wp-content\/uploads\/2025\/01\/2023_C-212x300.jpg 212w\" sizes=\"auto, (max-width: 384px) 100vw, 384px\" \/>\t\t\t\t\t\t\n\t\t\t\t\t<\/div>\n\t\t\t\t\t\t\t\t\n<style>\n#image_768111514 {\n  width: 49%;\n}\n<\/style>\n\t<\/div>\n\t\n\n\n\t\t<\/div>\n\t\t\t<\/div>\n\n\t\n\n<\/div>\n\t<section class=\"section\" id=\"section_1523662435\">\n\t\t<div class=\"bg section-bg fill bg-fill  bg-loaded\" >\n\n\t\t\t\n\t\t\t\n\t\t\t\n\n\t\t<\/div>\n\n\t\t<div class=\"section-content relative\">\n\t\t\t\n\n\t<div id=\"gap-725993546\" class=\"gap-element clearfix\" style=\"display:block; height:auto;\">\n\t\t\n<style>\n#gap-725993546 {\n  padding-top: 35px;\n}\n<\/style>\n\t<\/div>\n\t\n\n<div class=\"row align-middle\" style=\"max-width:1300px\" id=\"row-146844935\">\n\n\n\t<div id=\"col-1277826048\" class=\"col medium-8 small-12 large-8\"  >\n\t\t<div class=\"col-inner\"  >\n\t\t\t\n\t\t\t\n\n\t<div id=\"text-1909509369\" class=\"text\">\n\t\t\n\n<h2>Pol\u00edtica de calidad<\/h2>\n\t\t\n<style>\n#text-1909509369 {\n  font-size: 2rem;\n  color: rgb(255,255,255);\n}\n#text-1909509369 > * {\n  color: rgb(255,255,255);\n}\n@media (min-width:550px) {\n  #text-1909509369 {\n    font-size: 1.25rem;\n  }\n}\n@media (min-width:850px) {\n  #text-1909509369 {\n    font-size: 2rem;\n  }\n}\n<\/style>\n\t<\/div>\n\t\n\n\t\t<\/div>\n\t\t\t<\/div>\n\n\t\n\n\t<div id=\"col-1784625202\" class=\"col medium-4 small-12 large-4\"  >\n\t\t<div class=\"col-inner\"  >\n\t\t\t\n\t\t\t\n\n<a rel=\"noopener noreferrer\" href=\"https:\/\/msogestionderesiduos.com\/wp-content\/uploads\/2021\/08\/POLI\u0301TICA-DE-CALIDAD-Y-MEDIO-AMBIENTE.pdf\" target=\"_blank\" class=\"button white expand\"  style=\"padding:5px 30px 5px 30px;\">\n    <span>descargar<\/span>\n  <\/a>\n\n\n\n\t\t<\/div>\n\t\t\t<\/div>\n\n\t\n\n<\/div>\n\n\t\t<\/div>\n\n\t\t\n<style>\n#section_1523662435 {\n  padding-top: 20px;\n  padding-bottom: 20px;\n  background-color: rgb(34, 107, 121);\n}\n<\/style>\n\t<\/section>\n\t\n\n","protected":false},"excerpt":{"rendered":"","protected":false},"author":1,"featured_media":0,"parent":0,"menu_order":0,"comment_status":"closed","ping_status":"closed","template":"page-blank.php","meta":{"footnotes":""},"class_list":["post-11","page","type-page","status-publish","hentry"],"_links":{"self":[{"href":"https:\/\/msogestionderesiduos.com\/index.php\/wp-json\/wp\/v2\/pages\/11","targetHints":{"allow":["GET"]}}],"collection":[{"href":"https:\/\/msogestionderesiduos.com\/index.php\/wp-json\/wp\/v2\/pages"}],"about":[{"href":"https:\/\/msogestionderesiduos.com\/index.php\/wp-json\/wp\/v2\/types\/page"}],"author":[{"embeddable":true,"href":"https:\/\/msogestionderesiduos.com\/index.php\/wp-json\/wp\/v2\/users\/1"}],"replies":[{"embeddable":true,"href":"https:\/\/msogestionderesiduos.com\/index.php\/wp-json\/wp\/v2\/comments?post=11"}],"version-history":[{"count":67,"href":"https:\/\/msogestionderesiduos.com\/index.php\/wp-json\/wp\/v2\/pages\/11\/revisions"}],"predecessor-version":[{"id":794,"href":"https:\/\/msogestionderesiduos.com\/index.php\/wp-json\/wp\/v2\/pages\/11\/revisions\/794"}],"wp:attachment":[{"href":"https:\/\/msogestionderesiduos.com\/index.php\/wp-json\/wp\/v2\/media?parent=11"}],"curies":[{"name":"wp","href":"https:\/\/api.w.org\/{rel}","templated":true}]}}